-- phpMyAdmin SQL Dump
-- version 5.2.1
-- https://www.phpmyadmin.net/
--
-- Počítač: 127.0.0.1
-- Vytvořeno: Stř 10. čen 2026, 08:11
-- Verze serveru: 10.4.32-MariaDB
-- Verze PHP: 8.2.12

SET SQL_MODE = "NO_AUTO_VALUE_ON_ZERO";
START TRANSACTION;
SET time_zone = "+00:00";


/*!40101 SET @OLD_CHARACTER_SET_CLIENT=@@CHARACTER_SET_CLIENT */;
/*!40101 SET @OLD_CHARACTER_SET_RESULTS=@@CHARACTER_SET_RESULTS */;
/*!40101 SET @OLD_COLLATION_CONNECTION=@@COLLATION_CONNECTION */;
/*!40101 SET NAMES utf8mb4 */;

--
-- Databáze: `db`
--
CREATE DATABASE IF NOT EXISTS `db` DEFAULT CHARACTER SET utf8mb4 COLLATE utf8mb4_unicode_ci;
USE `db`;

-- --------------------------------------------------------

--
-- Struktura tabulky `predmety`
--

CREATE TABLE `predmety` (
  `id` int(11) NOT NULL,
  `zkratka` varchar(3) NOT NULL,
  `nazev` varchar(100) NOT NULL
) ENGINE=InnoDB DEFAULT CHARSET=utf8mb4 COLLATE=utf8mb4_unicode_ci;

--
-- Vypisuji data pro tabulku `predmety`
--

INSERT INTO `predmety` (`id`, `zkratka`, `nazev`) VALUES
(1, 'MAT', 'Matematika'),
(2, 'CSJ', 'Český jazyk');

-- --------------------------------------------------------

--
-- Struktura tabulky `zaci`
--

CREATE TABLE `zaci` (
  `id` int(11) NOT NULL,
  `jmeno` varchar(20) NOT NULL,
  `prijmeni` varchar(20) NOT NULL
) ENGINE=InnoDB DEFAULT CHARSET=utf8mb4 COLLATE=utf8mb4_unicode_ci;

--
-- Vypisuji data pro tabulku `zaci`
--

INSERT INTO `zaci` (`id`, `jmeno`, `prijmeni`) VALUES
(1, 'Štefan', 'Volný'),
(2, 'Zdeněk', 'Dlouhý'),
(3, 'Milena', 'Volná');

-- --------------------------------------------------------

--
-- Struktura tabulky `znamky`
--

CREATE TABLE `znamky` (
  `id` int(11) NOT NULL,
  `idzaka` int(11) NOT NULL,
  `idpredmetu` int(11) NOT NULL,
  `znamka` int(11) NOT NULL
) ENGINE=InnoDB DEFAULT CHARSET=utf8mb4 COLLATE=utf8mb4_unicode_ci;

--
-- Vypisuji data pro tabulku `znamky`
--

INSERT INTO `znamky` (`id`, `idzaka`, `idpredmetu`, `znamka`) VALUES
(1, 1, 1, 5),
(2, 2, 1, 1),
(3, 1, 1, 2),
(4, 2, 1, 4),
(5, 1, 2, 1),
(6, 2, 2, 2),
(7, 1, 2, 4),
(8, 2, 2, 2);

--
-- Indexy pro exportované tabulky
--

--
-- Indexy pro tabulku `predmety`
--
ALTER TABLE `predmety`
  ADD PRIMARY KEY (`id`);

--
-- Indexy pro tabulku `zaci`
--
ALTER TABLE `zaci`
  ADD PRIMARY KEY (`id`);

--
-- Indexy pro tabulku `znamky`
--
ALTER TABLE `znamky`
  ADD PRIMARY KEY (`id`),
  ADD KEY `idzaka` (`idzaka`),
  ADD KEY `idpredmetu` (`idpredmetu`);

--
-- AUTO_INCREMENT pro tabulky
--

--
-- AUTO_INCREMENT pro tabulku `predmety`
--
ALTER TABLE `predmety`
  MODIFY `id` int(11) NOT NULL AUTO_INCREMENT, AUTO_INCREMENT=3;

--
-- AUTO_INCREMENT pro tabulku `zaci`
--
ALTER TABLE `zaci`
  MODIFY `id` int(11) NOT NULL AUTO_INCREMENT, AUTO_INCREMENT=4;

--
-- AUTO_INCREMENT pro tabulku `znamky`
--
ALTER TABLE `znamky`
  MODIFY `id` int(11) NOT NULL AUTO_INCREMENT, AUTO_INCREMENT=9;

--
-- Omezení pro exportované tabulky
--

--
-- Omezení pro tabulku `znamky`
--
ALTER TABLE `znamky`
  ADD CONSTRAINT `znamky_ibfk_1` FOREIGN KEY (`idzaka`) REFERENCES `zaci` (`id`) ON DELETE CASCADE ON UPDATE CASCADE,
  ADD CONSTRAINT `znamky_ibfk_2` FOREIGN KEY (`idpredmetu`) REFERENCES `predmety` (`id`) ON DELETE CASCADE ON UPDATE CASCADE;
COMMIT;

/*!40101 SET CHARACTER_SET_CLIENT=@OLD_CHARACTER_SET_CLIENT */;
/*!40101 SET CHARACTER_SET_RESULTS=@OLD_CHARACTER_SET_RESULTS */;
/*!40101 SET COLLATION_CONNECTION=@OLD_COLLATION_CONNECTION */;
